{"id":1031,"date":"2021-07-26T12:46:01","date_gmt":"2021-07-26T10:46:01","guid":{"rendered":"http:\/\/bateaumariance.com\/?page_id=1031"},"modified":"2023-01-16T19:04:08","modified_gmt":"2023-01-16T18:04:08","slug":"informations","status":"publish","type":"page","link":"https:\/\/bateaumariance.com\/index.php\/informations\/","title":{"rendered":"Informations"},"content":{"rendered":"\n<p><\/p>\n\n\n<h3 style=\"text-align: center;\"><span class=\"_a4k7y39\" style=\"color: #000080;\"><strong>R\u00e8glement int\u00e9rieur :<\/strong><\/span><\/h3>\n<div class=\"structured_house_rules\">\n<div class=\"row\">\n<h4 class=\"col-sm-12\" style=\"text-align: center;\"><span style=\"color: #000080;\">Etablissement non fumeur<\/span><\/h4>\n<\/div>\n<div class=\"col-sm-12\">\u00a0<\/div>\n<div class=\"row space-top-1\">\n<h4 class=\"col-sm-12\" style=\"text-align: center;\"><span style=\"color: #000080;\"><span style=\"color: #000080;\"><span style=\"color: #000080;\"><span style=\"color: #000080;\">Le arriv\u00e9es se font \u00e0 partir de :<\/span><\/span><\/span><\/span><\/h4>\n<h4 class=\"col-sm-12\" style=\"text-align: center;\"><span style=\"color: #000080;\"><span style=\"color: #000080;\"><span style=\"color: #000080;\"><span style=\"color: #000080;\"> 17:30 en haute saison <\/span><\/span><\/span><\/span><span style=\"font-size: inherit;\">et 16:30 en basse saison<\/span><\/h4>\n<h4 style=\"text-align: center;\">Le petit d\u00e9jeuner est servit de 8h00\u00e0 10h00<\/h4>\n<h4 style=\"text-align: center;\">Les chambres doivent \u00eatre lib\u00e9r\u00e9es pour 11:00<\/h4>\n<p style=\"text-align: center;\">La taxe de s\u00e9jour est \u00e0 r\u00e9gler directement aupr\u00e8s de votre h\u00f4te \u00e0 votre arriv\u00e9e en esp\u00e8ces.<\/p>\n<\/div>\n<\/div>\n<hr \/>\n<div>\n<h3 style=\"text-align: center;\"><span style=\"color: #000080;\"><strong>\u00c0 savoir<\/strong><\/span><\/h3>\n<h4><span style=\"color: #000080;\">Le logement comprend des marches et escaliers, il n&rsquo;est donc pas adapt\u00e9 aux personnes en situation de handicap, nous le regrettons.<\/span><\/h4>\n<h4><span style=\"color: #000080;\">Un animal de compagnie est sur place : chat<\/span><\/h4>\n<hr \/>\n<h4 style=\"text-align: center;\"><span style=\"color: #000080;\"><strong>Modes de r\u00e8glement\u00a0<\/strong><\/span><\/h4>\n<h4 style=\"text-align: center;\"><span style=\"color: #000080;\">&#8211; Ch\u00e8ques vacances,<br \/><\/span><span style=\"color: #000080;\">&#8211; Ch\u00e8ques,<\/span><br \/><span style=\"color: #000080;\">&#8211; Virement interbancaire,<\/span><br \/><span style=\"color: #000080;\">&#8211; Esp\u00e8ces\u00a0<\/span><\/h4>\n<\/div>\n<h4 style=\"text-align: center;\"><strong>Accompte<\/strong><\/h4>\n<div>\n<h4 style=\"text-align: center;\"><span style=\"color: #000080;\">Pour toute r\u00e9servation, un accompte de 50% du montant total vous sera demand\u00e9.<\/span><\/h4>\n<h4 style=\"text-align: center;\"><span style=\"color: #000080;\"><strong>Animaux accept\u00e9s<\/strong><\/span><\/h4>\n<h4 style=\"text-align: center;\"><span style=\"color: #000080;\">Un suppl\u00e9ment vous sera demand\u00e9 pour les frais de m\u00e9nage :\u00a0<strong><br \/><\/strong>Petit animal : <\/span><span style=\"color: #000080;\">10\u2009\u20ac<br \/><\/span><span style=\"color: #000080;\">Gros animal :<\/span><span style=\"color: #000080;\">\u00a015 \u20ac<strong><br \/><\/strong><\/span><\/h4>\n<hr \/>\n<h4 style=\"text-align: center;\">\u00a0<\/h4>\n<\/div>\n\n\n<p><\/p>\n","protected":false},"excerpt":{"rendered":"<p>R\u00e8glement int\u00e9rieur : Etablissement non fumeur \u00a0 Le arriv\u00e9es se font \u00e0 partir de : 17:30 en haute saison et 16:30 en basse saison Le petit d\u00e9jeuner est servit de 8h00\u00e0 10h00 Les chambres doivent \u00eatre lib\u00e9r\u00e9es pour 11:00 La taxe de s\u00e9jour est \u00e0 &hellip; <a href=\"https:\/\/bateaumariance.com\/index.php\/informations\/\" class=\"more-link\"><span>Continue reading<span class=\"screen-reader-text\">Informations<\/span><\/span><\/a><\/p>\n","protected":false},"author":1,"featured_media":0,"parent":0,"menu_order":0,"comment_status":"closed","ping_status":"closed","template":"","meta":{"footnotes":""},"class_list":["post-1031","page","type-page","status-publish","hentry"],"_links":{"self":[{"href":"https:\/\/bateaumariance.com\/index.php\/wp-json\/wp\/v2\/pages\/1031","targetHints":{"allow":["GET"]}}],"collection":[{"href":"https:\/\/bateaumariance.com\/index.php\/wp-json\/wp\/v2\/pages"}],"about":[{"href":"https:\/\/bateaumariance.com\/index.php\/wp-json\/wp\/v2\/types\/page"}],"author":[{"embeddable":true,"href":"https:\/\/bateaumariance.com\/index.php\/wp-json\/wp\/v2\/users\/1"}],"replies":[{"embeddable":true,"href":"https:\/\/bateaumariance.com\/index.php\/wp-json\/wp\/v2\/comments?post=1031"}],"version-history":[{"count":14,"href":"https:\/\/bateaumariance.com\/index.php\/wp-json\/wp\/v2\/pages\/1031\/revisions"}],"predecessor-version":[{"id":1271,"href":"https:\/\/bateaumariance.com\/index.php\/wp-json\/wp\/v2\/pages\/1031\/revisions\/1271"}],"wp:attachment":[{"href":"https:\/\/bateaumariance.com\/index.php\/wp-json\/wp\/v2\/media?parent=1031"}],"curies":[{"name":"wp","href":"https:\/\/api.w.org\/{rel}","templated":true}]}}